{"id":52494,"date":"2021-03-05T17:21:58","date_gmt":"2021-03-05T16:21:58","guid":{"rendered":"https:\/\/gelateriadiberna.ch\/famigliaeamici\/"},"modified":"2021-03-05T17:21:58","modified_gmt":"2021-03-05T16:21:58","slug":"famigliaeamici","status":"publish","type":"page","link":"https:\/\/gelateriadiberna.ch\/fr\/famigliaeamici\/","title":{"rendered":"Collabs"},"content":{"rendered":"\n<h2 class=\"wp-block-heading\">Famiglia e amici<\/h2>\n\n\n\n<p>Es ist eine bleibende Erinnerung: mit unserer Mitarbeiterin Martina Devito auf der Piazza von Amaroni, Kalabrien, einen Cappucc trinken. Jede zweite Person, die wir sehen, ist ihre Cousine oder ihr Cousin. La famiglia. Laut und herzlich der Umgang. Ob nun famiglia oder amici: nichts macht so Spass, wie mit Freunden Flausen zu dreschen, Pl\u00e4ne zu schmieden und umzusetzen. <\/p>\n\n\n\n<p><\/p>\n\n\n\n<h2 class=\"wp-block-heading\">Modis FC L\u00e4nggasse <\/h2>\n\n\n\n<figure class=\"wp-block-image\"><img loading=\"lazy\" decoding=\"async\" width=\"1030\" height=\"674\" src=\"https:\/\/gelateriadiberna.ch\/wp-content\/uploads\/JuniorinnenB-1030x674.jpg\" alt=\"\" class=\"wp-image-14745\" srcset=\"https:\/\/gelateriadiberna.ch\/wp-content\/uploads\/JuniorinnenB-1030x674.jpg 1030w, https:\/\/gelateriadiberna.ch\/wp-content\/uploads\/JuniorinnenB-800x523.jpg 800w, https:\/\/gelateriadiberna.ch\/wp-content\/uploads\/JuniorinnenB-416x272.jpg 416w\" sizes=\"auto, (max-width: 1030px) 100vw, 1030px\" \/><\/figure>\n\n\n\n<p>Fast 10 Jahre ist &#8216;s her, als die erste Modimannschaft im Fussballclub L\u00e4nggasse losgelegt hat. Ob gewonnen oder verloren, ob hart trainiert oder nichtbespielbares Feld: der Schwenker \u00fcber die Gelateria di Berna geh\u00f6rt dazu. Wir sind auf diese M\u00e4dchen und unser Logo auf ihren Trikots sowas von stolz.<br><br><a href=\"http:\/\/www.fclaenggasse.ch\" target=\"_blank\">www.fclaenggasse.ch<\/a><\/p>\n\n\n\n<hr class=\"wp-block-separator\"\/>\n\n\n\n<h2 class=\"wp-block-heading\">Ciclisti di Berna<\/h2>\n\n\n\n<figure class=\"wp-block-image\"><img loading=\"lazy\" decoding=\"async\" width=\"1024\" height=\"768\" src=\"https:\/\/gelateriadiberna.ch\/wp-content\/uploads\/ciclisti.jpg\" alt=\"\" class=\"wp-image-17944\" srcset=\"https:\/\/gelateriadiberna.ch\/wp-content\/uploads\/ciclisti.jpg 1024w, https:\/\/gelateriadiberna.ch\/wp-content\/uploads\/ciclisti-800x600.jpg 800w, https:\/\/gelateriadiberna.ch\/wp-content\/uploads\/ciclisti-416x312.jpg 416w\" sizes=\"auto, (max-width: 1024px) 100vw, 1024px\" \/><\/figure>\n\n\n\n<p>Aus der Not geboren, mausert sich unser Velo-Delivery zur Bewegung. Ob mit Vintage-Stahlrahmen oder Carbonrenner: unsere Velo-Delivery-Crew ladet jeden Mittwoch zur Feierabendausfahrt ein. Gratis-Gelato inklusive. Bier kostet \ud83d\ude09 <br><br>Termine und aktuelle Route: <a href=\"https:\/\/www.strava.com\/clubs\/ciclisti-di-berna-633736\" target=\"_blank\">www.strava.com\/clubs\/ciclisti-di-berna-633736<\/a><\/p>\n\n\n\n<hr class=\"wp-block-separator\"\/>\n\n\n\n<h2 class=\"wp-block-heading\">Cyclophile<\/h2>\n\n\n\n<figure class=\"wp-block-image\"><img loading=\"lazy\" decoding=\"async\" width=\"878\" height=\"554\" src=\"https:\/\/gelateriadiberna.ch\/wp-content\/uploads\/cyclo.jpg\" alt=\"\" class=\"wp-image-14747\" srcset=\"https:\/\/gelateriadiberna.ch\/wp-content\/uploads\/cyclo.jpg 878w, https:\/\/gelateriadiberna.ch\/wp-content\/uploads\/cyclo-800x505.jpg 800w, https:\/\/gelateriadiberna.ch\/wp-content\/uploads\/cyclo-416x262.jpg 416w\" sizes=\"auto, (max-width: 878px) 100vw, 878px\" \/><\/figure>\n\n\n\n<p>Was in Bern Ciclisti di Berna, ist in Z\u00fcrich Cyclophile. Was an einem Heroica Event im Chianti geboren, ist heute ein Verein von und f\u00fcr Velofahrer*innen, die das Velo lieben&#8230;<br><br><a href=\"https:\/\/www.cyclophile.ch\/\" target=\"_blank\">www.cyclophile.ch<\/a><\/p>\n\n\n\n<hr class=\"wp-block-separator\"\/>\n\n\n\n<h2 class=\"wp-block-heading\">Let&#8217;s skate &#8211; Skateboard-Academy, Bern<\/h2>\n\n\n\n<figure class=\"wp-block-image\"><img loading=\"lazy\" decoding=\"async\" width=\"1030\" height=\"538\" src=\"https:\/\/gelateriadiberna.ch\/wp-content\/uploads\/glen-1030x538.jpg\" alt=\"\" class=\"wp-image-14748\" srcset=\"https:\/\/gelateriadiberna.ch\/wp-content\/uploads\/glen-1030x538.jpg 1030w, https:\/\/gelateriadiberna.ch\/wp-content\/uploads\/glen-800x418.jpg 800w, https:\/\/gelateriadiberna.ch\/wp-content\/uploads\/glen-416x217.jpg 416w\" sizes=\"auto, (max-width: 1030px) 100vw, 1030px\" \/><\/figure>\n\n\n\n<p>Der Skateboard-Pro Glen Charnosky l\u00e4sst Kinder Feuer fangen. Ob Streetstyle, Pipe oder Obstacles: das Holzbrett mit vier Rollen sein Leben. <br><br><a href=\"https:\/\/www.lets-skateboardswitzerland.org\/\" target=\"_blank\">www.letsskateboardswitzerland.org<\/a><br><\/p>\n\n\n\n<hr class=\"wp-block-separator\"\/>\n\n\n\n<h2 class=\"wp-block-heading\">Zirkus Chnopf<\/h2>\n\n\n\n<div class=\"wp-block-image\"><figure class=\"aligncenter\"><img loading=\"lazy\" decoding=\"async\" width=\"1030\" height=\"773\" src=\"https:\/\/gelateriadiberna.ch\/wp-content\/uploads\/zirkus-chnopf-2020_fabienne-sieger-12-1030x773.jpg\" alt=\"\" class=\"wp-image-20714\" srcset=\"https:\/\/gelateriadiberna.ch\/wp-content\/uploads\/zirkus-chnopf-2020_fabienne-sieger-12-1030x773.jpg 1030w, https:\/\/gelateriadiberna.ch\/wp-content\/uploads\/zirkus-chnopf-2020_fabienne-sieger-12-800x600.jpg 800w, https:\/\/gelateriadiberna.ch\/wp-content\/uploads\/zirkus-chnopf-2020_fabienne-sieger-12-416x312.jpg 416w, https:\/\/gelateriadiberna.ch\/wp-content\/uploads\/zirkus-chnopf-2020_fabienne-sieger-12.jpg 1440w\" sizes=\"auto, (max-width: 1030px) 100vw, 1030px\" \/><\/figure><\/div>\n\n\n\n<p>Der Zirkus Chnopf ist ein Aush\u00e4ngeschild und wichtiger F\u00f6rderer von neuem Zirkus in der ganzen Schweiz. Ihr Programm verbindet auf poetische Weise Theater, Tanz, Artistik und Musik. Auf ihrer Tournee  \u00fcberschreitet der Zirkus Chnopf mit Leichtigkeit den R\u00f6schtigraben und  bringt auch kleineren Ortschaften ein kulturelles Ereignis. Ticketpreise  kennt der Zirkus Chnopf nicht, stattdessen zirkuliert der Hut \u2013 jede*r  Zuschauer*in bezahlt soviel, wie er*sie kann. Sympathisch &#8211; und darum  freuen wir uns den Chnopf unterst\u00fctzen zu d\u00fcrfen &#8211; und somit gibt ab  diesem Jahr an allen Spielorten Gelati der Gelateria di Berna :). <br><br><a href=\"https:\/\/www.chnopf.ch\" target=\"_blank\">www.chnopf.ch<\/a><br><\/p>\n\n\n\n<hr class=\"wp-block-separator\"\/>\n\n\n\n<h2 class=\"wp-block-heading\">CONTACT Stiftung f\u00fcr Suchthilfe<\/h2>\n\n\n\n<div class=\"wp-block-image\"><figure class=\"aligncenter\"><img loading=\"lazy\" decoding=\"async\" width=\"1030\" height=\"686\" src=\"https:\/\/gelateriadiberna.ch\/wp-content\/uploads\/167420195_213873747159623_3132598857783507976_n-1030x686.jpg\" alt=\"\" class=\"wp-image-20747\" srcset=\"https:\/\/gelateriadiberna.ch\/wp-content\/uploads\/167420195_213873747159623_3132598857783507976_n-1030x686.jpg 1030w, https:\/\/gelateriadiberna.ch\/wp-content\/uploads\/167420195_213873747159623_3132598857783507976_n-800x533.jpg 800w, https:\/\/gelateriadiberna.ch\/wp-content\/uploads\/167420195_213873747159623_3132598857783507976_n-416x277.jpg 416w, https:\/\/gelateriadiberna.ch\/wp-content\/uploads\/167420195_213873747159623_3132598857783507976_n.jpg 2048w\" sizes=\"auto, (max-width: 1030px) 100vw, 1030px\" \/><\/figure><\/div>\n\n\n\n<p>CONTACT Arbeit ist ein Angebot von CONTACT, Stiftung f\u00fcr Suchthilfe. Die Stiftung ist im Bereich der ambulanten Suchthilfe im Kanton Bern  t\u00e4tig. Sie will die Risiken und Folgesch\u00e4den von Drogenkonsum mindern, die Gesundheit und Lebenssituation von Menschen mit einer  Suchtmittelabh\u00e4ngigkeit stabilisieren und deren soziale Integration  f\u00f6rdern. CONTACT bietet Menschen mit einem Suchtproblem und  psychosozialen Schwierigkeiten eine sinnvolle T\u00e4tigkeit sowie eine Tagesstruktur an.<br><br>Seit dem Jahr 2016 wird unsere nachhaltige Mehrweg-Vaschetta aus Fichtenholz von CONTACT  Arbeit hergestellt.<\/p>\n\n\n\n<p><a href=\"http:\/\/www.contact-arbeit.ch\" target=\"_blank\">www.contact-arbeit.ch<\/a><br><\/p>\n","protected":false},"excerpt":{"rendered":"<p>Famiglia e amici Es ist eine bleibende Erinnerung: mit unserer Mitarbeiterin Martina Devito auf der Piazza von Amaroni, Kalabrien, einen Cappucc trinken. Jede zweite Person, die wir sehen, ist ihre Cousine oder ihr Cousin. La famiglia. Laut und herzlich der Umgang. Ob nun famiglia oder amici: nichts macht so Spass, wie mit Freunden Flausen zu [&hellip;]<\/p>\n","protected":false},"author":3,"featured_media":0,"parent":0,"menu_order":0,"comment_status":"closed","ping_status":"closed","template":"","meta":{"_acf_changed":false,"footnotes":""},"class_list":["post-52494","page","type-page","status-publish","hentry"],"acf":[],"_links":{"self":[{"href":"https:\/\/gelateriadiberna.ch\/fr\/wp-json\/wp\/v2\/pages\/52494","targetHints":{"allow":["GET"]}}],"collection":[{"href":"https:\/\/gelateriadiberna.ch\/fr\/wp-json\/wp\/v2\/pages"}],"about":[{"href":"https:\/\/gelateriadiberna.ch\/fr\/wp-json\/wp\/v2\/types\/page"}],"author":[{"embeddable":true,"href":"https:\/\/gelateriadiberna.ch\/fr\/wp-json\/wp\/v2\/users\/3"}],"replies":[{"embeddable":true,"href":"https:\/\/gelateriadiberna.ch\/fr\/wp-json\/wp\/v2\/comments?post=52494"}],"version-history":[{"count":0,"href":"https:\/\/gelateriadiberna.ch\/fr\/wp-json\/wp\/v2\/pages\/52494\/revisions"}],"wp:attachment":[{"href":"https:\/\/gelateriadiberna.ch\/fr\/wp-json\/wp\/v2\/media?parent=52494"}],"curies":[{"name":"wp","href":"https:\/\/api.w.org\/{rel}","templated":true}]}}

<h2 class="wp-block-heading">Famiglia e amici</h2>



<p>Es ist eine bleibende Erinnerung: mit unserer Mitarbeiterin Martina Devito auf der Piazza von Amaroni, Kalabrien, einen Cappucc trinken. Jede zweite Person, die wir sehen, ist ihre Cousine oder ihr Cousin. La famiglia. Laut und herzlich der Umgang. Ob nun famiglia oder amici: nichts macht so Spass, wie mit Freunden Flausen zu dreschen, Pläne zu schmieden und umzusetzen. </p>



<p></p>



<h2 class="wp-block-heading">Modis FC Länggasse </h2>



<figure class="wp-block-image"><img loading="lazy" decoding="async" width="1030" height="674" src="https://gelateriadiberna.ch/wp-content/uploads/JuniorinnenB-1030x674.jpg" alt="" class="wp-image-14745" srcset="https://gelateriadiberna.ch/wp-content/uploads/JuniorinnenB-1030x674.jpg 1030w, https://gelateriadiberna.ch/wp-content/uploads/JuniorinnenB-800x523.jpg 800w, https://gelateriadiberna.ch/wp-content/uploads/JuniorinnenB-416x272.jpg 416w" sizes="auto, (max-width: 1030px) 100vw, 1030px" /></figure>



<p>Fast 10 Jahre ist &#8216;s her, als die erste Modimannschaft im Fussballclub Länggasse losgelegt hat. Ob gewonnen oder verloren, ob hart trainiert oder nichtbespielbares Feld: der Schwenker über die Gelateria di Berna gehört dazu. Wir sind auf diese Mädchen und unser Logo auf ihren Trikots sowas von stolz.<br><br><a href="http://www.fclaenggasse.ch" target="_blank">www.fclaenggasse.ch</a></p>



<hr class="wp-block-separator"/>



<h2 class="wp-block-heading">Ciclisti di Berna</h2>



<figure class="wp-block-image"><img loading="lazy" decoding="async" width="1024" height="768" src="https://gelateriadiberna.ch/wp-content/uploads/ciclisti.jpg" alt="" class="wp-image-17944" srcset="https://gelateriadiberna.ch/wp-content/uploads/ciclisti.jpg 1024w, https://gelateriadiberna.ch/wp-content/uploads/ciclisti-800x600.jpg 800w, https://gelateriadiberna.ch/wp-content/uploads/ciclisti-416x312.jpg 416w" sizes="auto, (max-width: 1024px) 100vw, 1024px" /></figure>



<p>Aus der Not geboren, mausert sich unser Velo-Delivery zur Bewegung. Ob mit Vintage-Stahlrahmen oder Carbonrenner: unsere Velo-Delivery-Crew ladet jeden Mittwoch zur Feierabendausfahrt ein. Gratis-Gelato inklusive. Bier kostet 😉 <br><br>Termine und aktuelle Route: <a href="https://www.strava.com/clubs/ciclisti-di-berna-633736" target="_blank">www.strava.com/clubs/ciclisti-di-berna-633736</a></p>



<hr class="wp-block-separator"/>



<h2 class="wp-block-heading">Cyclophile</h2>



<figure class="wp-block-image"><img loading="lazy" decoding="async" width="878" height="554" src="https://gelateriadiberna.ch/wp-content/uploads/cyclo.jpg" alt="" class="wp-image-14747" srcset="https://gelateriadiberna.ch/wp-content/uploads/cyclo.jpg 878w, https://gelateriadiberna.ch/wp-content/uploads/cyclo-800x505.jpg 800w, https://gelateriadiberna.ch/wp-content/uploads/cyclo-416x262.jpg 416w" sizes="auto, (max-width: 878px) 100vw, 878px" /></figure>



<p>Was in Bern Ciclisti di Berna, ist in Zürich Cyclophile. Was an einem Heroica Event im Chianti geboren, ist heute ein Verein von und für Velofahrer*innen, die das Velo lieben&#8230;<br><br><a href="https://www.cyclophile.ch/" target="_blank">www.cyclophile.ch</a></p>



<hr class="wp-block-separator"/>



<h2 class="wp-block-heading">Let&#8217;s skate &#8211; Skateboard-Academy, Bern</h2>



<figure class="wp-block-image"><img loading="lazy" decoding="async" width="1030" height="538" src="https://gelateriadiberna.ch/wp-content/uploads/glen-1030x538.jpg" alt="" class="wp-image-14748" srcset="https://gelateriadiberna.ch/wp-content/uploads/glen-1030x538.jpg 1030w, https://gelateriadiberna.ch/wp-content/uploads/glen-800x418.jpg 800w, https://gelateriadiberna.ch/wp-content/uploads/glen-416x217.jpg 416w" sizes="auto, (max-width: 1030px) 100vw, 1030px" /></figure>



<p>Der Skateboard-Pro Glen Charnosky lässt Kinder Feuer fangen. Ob Streetstyle, Pipe oder Obstacles: das Holzbrett mit vier Rollen sein Leben. <br><br><a href="https://www.lets-skateboardswitzerland.org/" target="_blank">www.letsskateboardswitzerland.org</a><br></p>



<hr class="wp-block-separator"/>



<h2 class="wp-block-heading">Zirkus Chnopf</h2>



<div class="wp-block-image"><figure class="aligncenter"><img loading="lazy" decoding="async" width="1030" height="773" src="https://gelateriadiberna.ch/wp-content/uploads/zirkus-chnopf-2020_fabienne-sieger-12-1030x773.jpg" alt="" class="wp-image-20714" srcset="https://gelateriadiberna.ch/wp-content/uploads/zirkus-chnopf-2020_fabienne-sieger-12-1030x773.jpg 1030w, https://gelateriadiberna.ch/wp-content/uploads/zirkus-chnopf-2020_fabienne-sieger-12-800x600.jpg 800w, https://gelateriadiberna.ch/wp-content/uploads/zirkus-chnopf-2020_fabienne-sieger-12-416x312.jpg 416w, https://gelateriadiberna.ch/wp-content/uploads/zirkus-chnopf-2020_fabienne-sieger-12.jpg 1440w" sizes="auto, (max-width: 1030px) 100vw, 1030px" /></figure></div>



<p>Der Zirkus Chnopf ist ein Aushängeschild und wichtiger Förderer von neuem Zirkus in der ganzen Schweiz. Ihr Programm verbindet auf poetische Weise Theater, Tanz, Artistik und Musik. Auf ihrer Tournee  überschreitet der Zirkus Chnopf mit Leichtigkeit den Röschtigraben und  bringt auch kleineren Ortschaften ein kulturelles Ereignis. Ticketpreise  kennt der Zirkus Chnopf nicht, stattdessen zirkuliert der Hut – jede*r  Zuschauer*in bezahlt soviel, wie er*sie kann. Sympathisch &#8211; und darum  freuen wir uns den Chnopf unterstützen zu dürfen &#8211; und somit gibt ab  diesem Jahr an allen Spielorten Gelati der Gelateria di Berna :). <br><br><a href="https://www.chnopf.ch" target="_blank">www.chnopf.ch</a><br></p>



<hr class="wp-block-separator"/>



<h2 class="wp-block-heading">CONTACT Stiftung für Suchthilfe</h2>



<div class="wp-block-image"><figure class="aligncenter"><img loading="lazy" decoding="async" width="1030" height="686" src="https://gelateriadiberna.ch/wp-content/uploads/167420195_213873747159623_3132598857783507976_n-1030x686.jpg" alt="" class="wp-image-20747" srcset="https://gelateriadiberna.ch/wp-content/uploads/167420195_213873747159623_3132598857783507976_n-1030x686.jpg 1030w, https://gelateriadiberna.ch/wp-content/uploads/167420195_213873747159623_3132598857783507976_n-800x533.jpg 800w, https://gelateriadiberna.ch/wp-content/uploads/167420195_213873747159623_3132598857783507976_n-416x277.jpg 416w, https://gelateriadiberna.ch/wp-content/uploads/167420195_213873747159623_3132598857783507976_n.jpg 2048w" sizes="auto, (max-width: 1030px) 100vw, 1030px" /></figure></div>



<p>CONTACT Arbeit ist ein Angebot von CONTACT, Stiftung für Suchthilfe. Die Stiftung ist im Bereich der ambulanten Suchthilfe im Kanton Bern  tätig. Sie will die Risiken und Folgeschäden von Drogenkonsum mindern, die Gesundheit und Lebenssituation von Menschen mit einer  Suchtmittelabhängigkeit stabilisieren und deren soziale Integration  fördern. CONTACT bietet Menschen mit einem Suchtproblem und  psychosozialen Schwierigkeiten eine sinnvolle Tätigkeit sowie eine Tagesstruktur an.<br><br>Seit dem Jahr 2016 wird unsere nachhaltige Mehrweg-Vaschetta aus Fichtenholz von CONTACT  Arbeit hergestellt.</p>



<p><a href="http://www.contact-arbeit.ch" target="_blank">www.contact-arbeit.ch</a><br></p>
